(6 - (26 + -15))) + -3.
-5
Evaluate (-47 - (1 - 3)) + (-29 - (-50 - 6 - -32)).
-50
-108 - 1 - (-38 - 14)
-57
What is the value of 2183 + -2222 + (3 - 5)?
-41
What is -2 - -6 - (-8 + 3 + 5) - 13?
-9
What is -13 - (-26 + 8) - (-5 - -45 - -5)?
-40
What is -59 - (97 - 51) - 19?
-124
What is the value of -99 + (-8 - (-14 - 36) - 85)?
-142
What is -4 - ((-215 - -243) + (-42 - -1))?
9
-8 + -26 - (40 + -39 + 62)
-97
Evaluate (6 - -3) + (-27 - -29).
11
Evaluate -17 + -31 + 6 + 37 - (-48 - (-2 - -1)).
42
Calculate (-27 - -7) + (-7 + 1 - (0 + -12)).
-14
Evaluate 2 + 5 + (-164 - -145).
-12
Evaluate -109 + (8 + -103 - -155).
-49
What is the value of 6 - ((66 - 96) + 19)?
17
What is 43 + (-18 - 1) + -45 + 30?
9
Calculate 75 - -3 - (-575 + 623).
30
What is -33 + 73 + -171 + 76?
-55
Calculate 31 - (79 + -88) - -10.
50
What is the value of (80 - ((-1 - 12) + 5)) + -9 + 12?
91
Calculate 17 + (-3 + 22 - 10) + -6.
20
What is the value of -13 - (31 - 104) - 19?
41
Evaluate 44 + -27 - (-8 + 87 - (10 + -2)).
-54
12 + 84 + -14 + -24
58
Evaluate -228 + 284 - (3 - 8).
61
Calculate -26 - (-12 + 3 + -24 - -21).
-14
Evaluate (-6 + -1 - (-28 - (-34 - -6))) + 11.
4
What is (-27 - 0) + 21 + (-18 - -10)?
-14
-26 - (24 + (12 - 22 - 7))
-33
Evaluate (-4 - (65 + -27)) + -61 + 27.
-76
16 + -6 + -192 + 198 + 1 + -81
-64
Calculate 1 + 22 + (4556 - 4640).
-61
What is 26 - ((-2 - 3) + -11 + 25 + -24)?
41
7 + (-16 - -40) + -8 + 11
34
What is (-1 - 36) + (1 - -15 - (-84 - (-73 + -18)))?
-28
What is the value of (1 - -7) + (1986 - 2022 - (0 + -117))?
89
-5 + -9 + 14 + 5 + -7 + -4
-6
Calculate (-15 - 63 - -39) + 115 + 11.
87
Calculate 54 + 80 - 239 - (-17 - 2).
-86
Calculate 0 - (-49 - -22) - -35.
62
Calculate -19 - (-24 - (-1 + (-19 - (-29 - -10)))).
4
Calculate 23 - (-13 + 1 + (-123 - -62 - -98)).
-2
(13 - 21 - -16) + 4 + (75 - -23)
110
Evaluate (-7 - (-4 - 7)) + 7 - (-15 + -5).
31
6 - (6 + -19 + 23 - 3) - 32
-33
Calculate 10 + 5 + (-4 - 8) + 2 - (4 + 40).
-39
Evaluate 8 + -8 + (0 - -9) + (223 - 238).
-6
2 - 48 - (-299 - -275) - -10
-12
Evaluate (4 - 14) + 20 - (7 + 2 + 18).
-17
Calculate -5 + 4 + 12 + 2 - (25 - 70).
58
Calculate 67 - 91 - -36 - (2 - (-84 - 2)).
-76
Calculate -7 + (-38 - 48) - (0 + 5).
-98
Calculate 50 + -103 + 1 + 84.
32
Calculate (6 - 4) + -27 + -114 + (195 - 102).
-46
Calculate 3 + (31 - 26) + 29.
37
What is 76 + (-22 - (29 - (-37 + 47)))?
35
What is the value of (2 + -1 - -51) + (400 - 211 - 190)?
51
Evaluate (-35 - -92) + (-10 + -5 + -3 - (-1 + -8)).
48
What is -67 + (88 - (14 - 91))?
98
What is the value of -6 - (-72 - (-28 + 3 - -10)) - (3 + 4)?
44
Calculate 4 - (3 - -89) - (1 + -2 + 407 + -408).
-86
What is the value of -31 + (88 + -87 - (0 - 1)) - (9 - -4)?
-42
What is the value of 5 + 81 + 16 + -13?
89
What is 18 - (99 + -48) - -104?
71
What is the value of -68 + -6 + (-71 - (90 - 164))?
-71
What is the value of (75 - 7) + (-25 - -10) + -18?
35
Calculate 632 - 626 - (90 + -1).
-83
Calculate 2 + 40 + (-14 - -42) + -5 + 1.
66
What is 26 + -3 - (6 + 169 + -118)?
-34
What is -39 + (61 - 22) + -15 + 97?
82
What is 47 + -63 - (2 - -2 - (9 + -25 + 10))?
-26
What is the value of -90 - (-83 + 21) - -21 - ((0 - -1) + 1)?
-9
What is the value of 13 + (50 - (14 - -69) - (5 + 1))?
-26
Calculate -188 - (-103 + 129 + -99).
-115
What is the value of 58 + -46 + 28 + 2?
42
Evaluate -1587 + 1610 + 61 + 1.
85
What is 19 + -32 + (47 + (-2 - -6) - 5)?
33
What is 23 + (66 - -70) + -72?
87
Evaluate 6 + -9 + -4 + (-3 - -4) + -25 + 26.
-5
32 + -4 + (-7 - (5 - (19 + 10 + -23)))
22
Evaluate (20 - 39) + (21 + -6 - (-2 - -5)).
-7
Calculate -48 - (1 + -7 - (205 - 215)) - -3.
-49
What is 153 + 81 + -193 - (0 - -2)?
39
-1 + 44 - (15 + (-13 - 20) + 25)
36
What is (101 + -63 - 6) + -1 + -23 + 19?
27
Evaluate (5 - 8) + -30 + 38 + -1 + 7.
11
Evaluate 29 + 6 + -9 + 23 + -108.
-59
What is -29 - (5 + -79) - 75?
-30
What is the value of (-19 - -26 - 6 - (9 + -15)) + (-2 - -14)?
19
103 - (-38 + -20 + 111)
50
What is -15 + -67 + 190 - 40?
68
What is -138 + 163 + (-50 + -6 - -8)?
-23
13 + -2 + (20 - (151 - 23))
-97
What is the value of 21 + 43 + -37 + (50 - 23)?
54
What is the value of -16 + (0 - 6 - (66 + -51)) + 8?
-29
Evaluate (14 - 12) + (8 - (-7 - (2 - (-2 + 41)))).
-20
(63 - (-38 - -6)) + -51
44
Calculate (-11 - -9) + -3 - (-1 + -58 - (36 - 28)).
62
What is the value of (20 - 0) + (-47 + 120 - 69)?
24
What is 33 + 45 + (29 - 69)?
38
Evaluate 190 + (94 + 10 - 220).
74
Evaluate (-46 - -27) + (-21 - (-15 - -14)).
-39
What is (332 - 342) + (37 + -5 - 1 - -4)?
25
(-30 - -68) + 17 - (0 + -1 + -10)
66
What is -14 - (6 - (-23 + 22)) - -36?
15
Calculate (6 - ((9 - 35) + 17)) + -20 + -79.
-84
What is 129 + -41 + -48 - ((-4 - -4) + -6)?
46
Calculate 21 - (-85 + 16 + 36).
54
Calculate -8 + (-12 - -17) + 20 + 31.
48
3 - (36 - (37 - 3))
1
What is (-25 - (2 + -27)) + -12 - -50?
38
What is -34 - (-85 + 48) - (-30 + 5)?
28
Evaluate 226 + -187 + (7 + -7 - -36).
75
Evaluate -141 - (-32 + (82 - 111)).
-80
Evaluate (0 - 39) + (-395 - -426).
-8
Calculate (25 - 101) + (53 - 42).
-65
What is the value of -4 + -7 + -51 + -3 + -11 + 8?
-68
(-48 - 1) + (844 - 797)
-2
2 + 53 + -6 + (7 - (40 + -51))
67
76 + 93 + (-11 - 79) + (-1 - 4) + 2
76
-30 - (-29 - (4 + -11)) - (-1 + -44)
37
What is the value of (-7 - -40) + -45 - ((120 - -2) + (-19 - -25))?
-140
-5 + (-2 - (3 - (-3 - 5))) + 8 - -1
-9
-98 + (5 - -2 - (8 - ((22 - 9) + -10)))
-96
What is the value of 0 - -13 - (-6 + -5 + 17 + -4 - 6)?
17
Calculate -2 + 12 + -6 + -19 + -10 + -13.
-38
Calculate 6 + 35 - (2 + (2 + 17 - 10)).
30
Calculate 18 - 40 - (1 + -8 + (5 - -3)).
-23
Calculate -13 + (10 - 1) + -55 + 18 + 36.
-5
What is (-1 - -2) + (31 - (79 + -44))?
-3
Evaluate 17 - ((9 - (-7 - -21)) + -3 - (-4 + 3)).
24
What is 10 + -21 - -9 - (55 - 49)?
-8
-5 - (-2 - 2) - (21 + -71) - 2
47
-1558 + 1552 + (34 + -2 - 4) + (-1 - 3)
18
Calculate (90 + -84 - (4 - -25)) + 10 + -89.
-102
Calculate -26 - -60 - (1 - 8).
41
What is (-19 + -14 - -38) + (-10 - 1) + 20?
14
Evaluate -1 + -44 + -1 + (-551 - -537).
-60
What is the value of 5 - 0 - (20 - 21 - (-1 - (-17 + 0)))?
22
(3 - (-15 + 5 + 7)) + 4 + 0 + 24
34
What is (-6 - (-10 + 18 + -11)) + -3 + (-2 - 38)?
-46
(129 - 133) + (5 - (43 - 5)) + -8
-45
What is 3 + -17 + 3 + (12 + (-8 - 13) - -6)?
-14
Evaluate 40 + 3 + -57 + 35 + 5.
26
Calculate -11656 - -11597 - (2 + -112).
51
Evaluate (-2 - 11) + (-3 + -3 - (-248 - -231)).
-2
What is 93 + -11 + 28 - (5 - (2 + (9 - 9)))?
107
What is the value of -66 - (-62 + 90 + -156)?
62
Evaluate -3 + (12 - (-31 + 23) - -6).
23
Calculate 61 + -19 + -45 + (-1 - -3).
-1
Evaluate -2 - 53 - (-94 + 0 + 50 + 47).
-58
(-4 - -2) + -16 + (-24 - -17)
-25
What is -15 + (9 - 43) + 21 + 1?
-27
7 - (-5 + (8 - -9) - -11)
-16
Calculate -56 + 43 - (-87 + 26 + -12).
60
What is 111 + (108 + -161 - 49)?
9
Evaluate (-4 - (5 + 8)) + (4 - 3) + 7 - -30.
21
What is the value of (-7 - ((-4 - 9) + 3) - 8) + 15 + -12?
-2
Calculate 11 + 26 + -32 + 12 + -24.
-7
What is -1 + -4 + 13 - (-47 + -1 + 2 + 2)?
52
(-34 + 52 - (0 - (-7 - -4))) + 12
27
Calculate 52 + 25 + -36 + -7.
34
(-30 - (18 - (12 - -36))) + (0 - -17)
17
89 - ((2 - -65) + -27)
49
Calculate -4 + (-2 - 7) + 1 + 26 + (-27 - -14).
1
Calculate 1 + -6 + (76 - 68 - (15 + 14)).
-26
1 - -1 - -7 - (55 + (12 + 7 - 5))
-60
Calculate 18 + -9 + -26 + 47.
30
Evaluate 41 - ((108 - 25) + -10).
-32
Calculate 53 + 0 + -3293 + 3299.
59
What is the value of -4 + (3 - 2) + 12 + -5 - 59?
-55
Calculate -1 + -9 + (-71 - -130) + -28.
21
Calculate (43 - (3 - -98)) + 0.
-58
Evaluate 1 + (-6 - -5) + 2 + (22 - 58).
-34
What is ((-3 - -1) + 0 - 3) + (639 - 559)?
75
Calculate -10 - ((-7 - 1) + 80 + -92 + -1 + -4).
15
What is -5 + -1 - ((140 - 118 - (-1 - 20)) + -7)?
-42
Calculate (0 - (-41 - 1)) + -3 - (24 + -24 - -6).
33
Evaluate 2 + (19 - -4) + 3943 + -3958.
10
Evaluate (4 + 4 - 52) + (-5 - -22).
-27
Evaluate 17 + (-1 + -21 - (37 - -53)).
-95
Calculate 88 - ((-3 - (1 + -4)) + -190 + 184) - 7.
87
What is -7 - (6 - (-98 - -59))?
-52
What is 9 - -2 - ((-1 - 31) + (-488 - -586))?
-55
What is 40 + 23 + (22 + 2 - -4)?
91
28 + 81 + -63 - (-17 - 5)
68
(1 - 6) + -51 + 1 + 2114 + -2138
-79
12 + (4 - (-1 - 1)) + -788 + 814
44
Calculate -13 + 8 + 12 - ((6 - 47) + 3).
45
Calculate -4 + 0 - (-10 + 2 + -69 + (76 - -12))